{"id":63,"date":"2026-03-26T11:18:06","date_gmt":"2026-03-26T11:18:06","guid":{"rendered":"https:\/\/host148203.stronawcal.pl\/?page_id=63"},"modified":"2026-03-30T13:14:39","modified_gmt":"2026-03-30T13:14:39","slug":"cennik","status":"publish","type":"page","link":"https:\/\/host148203.stronawcal.pl\/index.php\/cennik\/","title":{"rendered":"CENNIK"},"content":{"rendered":"\t\t<div data-elementor-type=\"wp-page\" data-elementor-id=\"63\" class=\"elementor elementor-63\">\n\t\t\t\t<div class=\"elementor-element elementor-element-019ea60 e-flex e-con-boxed e-con e-parent\" data-id=\"019ea60\" data-element_type=\"container\" data-e-type=\"container\">\n\t\t\t\t\t<div class=\"e-con-inner\">\n\t\t\t\t<div class=\"elementor-element elementor-element-58d43a2 elementor-widget elementor-widget-text-editor\" data-id=\"58d43a2\" data-element_type=\"widget\" data-e-type=\"widget\" data-widget_type=\"text-editor.default\">\n\t\t\t\t\t\t\t\t\t<h1><span style=\"color: #000000;\"><strong>Cennik kort\u00f3w tenisowych PLAY LOUD\u00a0<\/strong><\/span><\/h1><h1><span style=\"color: #000000;\"><strong>stawka godzinowa<br \/><\/strong><\/span><\/h1><div><table><tbody><tr><td><span style=\"color: #000000;\">Poniedzia\u0142ek \u2013 Pi\u0105tek<\/span><\/td><td><p><span style=\"color: #000000;\">\u00a0\u00a0\u00a0\u00a0\u00a0\u00a0\u00a0\u00a0\u00a0\u00a0\u00a0\u00a0\u00a0\u00a0\u00a0\u00a0\u00a0\u00a0\u00a0\u00a0\u00a0\u00a0\u00a0\u00a0\u00a0\u00a0\u00a0\u00a0\u00a0\u00a0\u00a0\u00a0\u00a0\u00a0\u00a0\u00a0\u00a0\u00a0\u00a0\u00a0\u00a0\u00a0\u00a0\u00a0 8:00 \u2013 14:00<\/span><\/p><p><span style=\"color: #000000;\">\u00a0\u00a0\u00a0\u00a0\u00a0\u00a0\u00a0\u00a0\u00a0\u00a0\u00a0\u00a0\u00a0\u00a0\u00a0\u00a0\u00a0\u00a0\u00a0\u00a0\u00a0\u00a0\u00a0\u00a0\u00a0\u00a0\u00a0\u00a0\u00a0\u00a0\u00a0\u00a0\u00a0\u00a0\u00a0\u00a0\u00a0\u00a0\u00a0\u00a0\u00a0\u00a0 14:00 \u2013 22:00<\/span><\/p><\/td><td><p><span style=\"color: #000000;\"><strong>\u00a0 \u00a0 \u00a0 \u00a0 \u00a0 \u00a0 \u00a0 \u00a0 \u00a0 \u00a0 \u00a0 \u00a0 \u00a0 \u00a0 \u00a0 \u00a0 \u00a0 \u00a0 \u00a0 \u00a0 \u00a0 \u00a0 \u00a0 \u00a0 \u00a0 \u00a0 \u00a0 \u00a0 \u00a0 \u00a0 \u00a0 \u00a040z\u0142<br \/><\/strong><\/span><\/p><p><span style=\"color: #000000;\"><strong>\u00a0 \u00a0 \u00a0 \u00a0 \u00a0 \u00a0 \u00a0 \u00a0 \u00a0 \u00a0 \u00a0 \u00a0 \u00a0 \u00a0 \u00a0 \u00a0 \u00a0 \u00a0 \u00a0 \u00a0 \u00a0 \u00a0 \u00a0 \u00a0 \u00a0 \u00a0 \u00a0 \u00a0 \u00a0 \u00a0 \u00a0 \u00a050z\u0142<br \/><\/strong><\/span><\/p><\/td><\/tr><tr><td><span style=\"color: #000000;\">Weekendy i \u015bwi\u0119ta<\/span><\/td><td><span style=\"color: #000000;\">\u00a0 \u00a0 \u00a0 \u00a0 \u00a0 \u00a0 \u00a0 \u00a0 \u00a0 \u00a0 \u00a0 \u00a0 \u00a0 \u00a0 \u00a0 \u00a0 \u00a0 \u00a0 \u00a0 \u00a0 \u00a0 \u00a0 \u00a0 \u00a0 \u00a0 \u00a0 8:00 \u2013 22:00<\/span><\/td><td><p><span style=\"color: #000000;\"><strong>\u00a0<\/strong><\/span><\/p><p><span style=\"color: #000000;\"><strong>\u00a0\u00a0\u00a0\u00a0\u00a0\u00a0\u00a0\u00a0\u00a0\u00a0\u00a0\u00a0\u00a0\u00a0\u00a0\u00a0\u00a0\u00a0\u00a0\u00a0\u00a0\u00a0\u00a0\u00a0\u00a0\u00a0\u00a0\u00a0\u00a0\u00a0\u00a0\u00a0\u00a0\u00a0\u00a0\u00a0\u00a0\u00a0\u00a0\u00a0\u00a0\u00a0\u00a0\u00a0\u00a0\u00a0\u00a0\u00a0\u00a0\u00a0\u00a0\u00a0\u00a0\u00a0\u00a0\u00a0\u00a0\u00a0\u00a0\u00a0\u00a0\u00a0 45z\u0142<br \/><\/strong><\/span><\/p><\/td><\/tr><\/tbody><\/table><\/div><div>\u00a0<\/div><div>\u00a0<\/div><div>\u00a0<\/div><div><span style=\"color: #000000;\"><strong>*HAPPY HOURS\u00a0<\/strong>obowi\u0105zuje wy\u0142\u0105cznie na kortach\u00a0przy Fundacji Elektrowni Rybnik\u00a0<strong>12:00 \u2013 15:00\u00a0 35z\u0142<\/strong><\/span><\/div><div>\u00a0<\/div><div>\u00a0<\/div><h3><span style=\"color: #000000;\"><strong>Karnety<br \/><\/strong><\/span><\/h3><h5>\u00a0<\/h5><div><table><tbody><tr><td><span style=\"color: #000000;\">10 wej\u015b\u0107 po 1h<\/span><\/td><td><span style=\"color: #000000;\">wa\u017cny 1 miesi\u0105c<\/span><\/td><td><span style=\"color: #000000;\"><strong>470z\u0142<\/strong><\/span><\/td><\/tr><tr><td><span style=\"color: #000000;\">20 wej\u015b\u0107 po 1 h<\/span><\/td><td><span style=\"color: #000000;\">wa\u017cny 3 miesi\u0105ce<\/span><\/td><td><span style=\"color: #000000;\"><strong>900z\u0142<\/strong><\/span><\/td><\/tr><tr><td colspan=\"3\"><span style=\"color: #000000;\"><strong>Karnety obejmuj\u0105 gr\u0119 przy sztucznym o\u015bwietleniu kort\u00f3w (z wy\u0142\u0105czeniem kort\u00f3w w Boguszowicach)<\/strong><\/span><br \/><span style=\"color: #000000;\"><strong>Karnet mo\u017cna wykorzysta\u0107 na wszystkich kortach PLAY LOUD<\/strong><\/span><\/td><\/tr><\/tbody><\/table><\/div><div><div><h3><span style=\"color: #000000;\"><strong>Inne<br \/><\/strong><\/span><\/h3><h5>\u00a0<\/h5><div><table><tbody><tr><td><span style=\"color: #000000;\">Wypo\u017cyczenie rakiety i 3 pi\u0142ek<\/span><\/td><td><span style=\"color: #000000;\">1h<\/span><\/td><td><span style=\"color: #000000;\"><strong>20z\u0142<\/strong><\/span><\/td><\/tr><tr><td><span style=\"color: #000000;\">Wypo\u017cyczenie koszyka z pi\u0142kami<\/span><\/td><td><span style=\"color: #000000;\">1h<\/span><\/td><td><span style=\"color: #000000;\"><strong>20z\u0142<\/strong><\/span><\/td><\/tr><tr><td colspan=\"3\"><span style=\"color: #000000;\">Wynajem \u015bcianki tenisowej 1h\u00a0\u00a0\u00a0\u00a0\u00a0\u00a0\u00a0\u00a0\u00a0\u00a0\u00a0\u00a0\u00a0\u00a0\u00a0\u00a0\u00a0\u00a0\u00a0\u00a0\u00a0\u00a0\u00a0\u00a0\u00a0\u00a0\u00a0\u00a0\u00a0\u00a0\u00a0\u00a0\u00a0\u00a0\u00a0\u00a0\u00a0\u00a0\u00a0\u00a0\u00a0\u00a0\u00a0\u00a0\u00a0\u00a0\u00a0\u00a0\u00a0\u00a0\u00a0\u00a0\u00a0\u00a0\u00a0\u00a0\u00a0\u00a0\u00a0\u00a0\u00a0\u00a0\u00a0\u00a0\u00a0\u00a0\u00a0\u00a0\u00a0\u00a0\u00a0\u00a0\u00a0\u00a0\u00a0\u00a0\u00a0\u00a0\u00a0\u00a0\u00a0\u00a0\u00a0\u00a0\u00a0\u00a0\u00a0\u00a0 8:00 do zmroku \u00a0 \u00a0 \u00a0 \u00a0 \u00a0 \u00a0 \u00a0 \u00a0 \u00a0 \u00a0 \u00a0 \u00a0 \u00a0 \u00a0 \u00a0 \u00a0 \u00a0 \u00a0 \u00a0 \u00a0 \u00a0 \u00a0 \u00a0 \u00a0 \u00a0 \u00a0 \u00a0 \u00a0 \u00a0 \u00a0 \u00a0 \u00a0 \u00a0 \u00a0 \u00a0 \u00a0 \u00a0 \u00a0<strong>\u00a020z\u0142<\/strong><\/span><\/td><\/tr><\/tbody><\/table><\/div><\/div><p><span style=\"color: #000000;\"><strong>\u00a0<\/strong><\/span><\/p><h1><span style=\"color: #000000;\"><strong>PLAY LOUD stringing service<\/strong><\/span><\/h1><p><span style=\"color: #000000;\"><strong>Wymiana naci\u0105gu \/ us\u0142uga<\/strong><\/span><\/p><table><tbody><tr><td><span style=\"color: #000000;\">Tenis \/ Squash<\/span><\/td><td><p><span style=\"color: #000000;\">z naszym naci\u0105giem<\/span><\/p><p><span style=\"color: #000000;\">z w\u0142asnym naci\u0105giem<\/span><\/p><\/td><td><p><span style=\"color: #000000;\"><strong>40z\u0142 + cena naci\u0105gu<br \/><\/strong><\/span><\/p><p><span style=\"color: #000000;\"><strong>45z\u0142<\/strong><\/span><\/p><\/td><\/tr><tr><td><span style=\"color: #000000;\">Badminton<\/span><\/td><td><p><span style=\"color: #000000;\">z naszym naci\u0105giem<\/span><\/p><p><span style=\"color: #000000;\">z w\u0142asnym naci\u0105giem<\/span><\/p><\/td><td><p><span style=\"color: #000000;\"><strong>50z\u0142 + cena naci\u0105gu<br \/><\/strong><\/span><\/p><p><span style=\"color: #000000;\"><strong>55z\u0142<\/strong><\/span><\/p><\/td><\/tr><\/tbody><\/table><h1><span style=\"color: #000000;\"><strong>Customizacja<\/strong><\/span><\/h1><p><span style=\"color: #000000;\"><strong>\u00a0<\/strong><\/span><\/p><table><tbody><tr><td><span style=\"color: #000000;\">Wyr\u00f3wnanie parametr\u00f3w<\/span><\/td><td><span style=\"color: #000000;\">min. 2 rakiety<\/span><\/td><td><span style=\"color: #000000;\"><strong>90 z\u0142 \/\u00a0 sztuka<br \/><\/strong><\/span><\/td><\/tr><tr><td><span style=\"color: #000000;\">Zmiana parametr\u00f3w rakiety<\/span><\/td><td><span style=\"color: #000000;\">dowa\u017canie<\/span><\/td><td><span style=\"color: #000000;\"><strong>100z\u0142<\/strong><\/span><\/td><\/tr><tr><td colspan=\"3\"><span style=\"color: #000000;\">Pogrubianie uchwytu\u00a0\u00a0\u00a0\u00a0\u00a0\u00a0\u00a0\u00a0\u00a0\u00a0\u00a0\u00a0\u00a0\u00a0\u00a0\u00a0\u00a0\u00a0\u00a0\u00a0\u00a0\u00a0\u00a0\u00a0\u00a0\u00a0\u00a0\u00a0\u00a0\u00a0\u00a0\u00a0\u00a0\u00a0\u00a0\u00a0\u00a0\u00a0\u00a0\u00a0\u00a0\u00a0\u00a0\u00a0\u00a0\u00a0\u00a0\u00a0\u00a0\u00a0\u00a0\u00a0\u00a0\u00a0\u00a0\u00a0\u00a0\u00a0\u00a0\u00a0\u00a0\u00a0\u00a0\u00a0\u00a0\u00a0\u00a0\u00a0\u00a0\u00a0\u00a0\u00a0\u00a0\u00a0\u00a0\u00a0\u00a0\u00a0\u00a0\u00a0\u00a0\u00a0\u00a0\u00a0\u00a0\u00a0\u00a0\u00a0\u00a0\u00a0\u00a0\u00a0\u00a0\u00a0\u00a0\u00a0\u00a0\u00a0\u00a0\u00a0\u00a0\u00a0\u00a0\u00a0\u00a0\u00a0\u00a0\u00a0\u00a0\u00a0\u00a0\u00a0\u00a0\u00a0\u00a0\u00a0\u00a0\u00a0\u00a0\u00a0\u00a0\u00a0\u00a0\u00a0\u00a0\u00a0\u00a0\u00a0\u00a0\u00a0\u00a0\u00a0\u00a0\u00a0\u00a0\u00a0\u00a0\u00a0\u00a0\u00a0\u00a0\u00a0\u00a0\u00a0\u00a0\u00a0\u00a0\u00a0\u00a0\u00a0\u00a0\u00a0\u00a0\u00a0\u00a0\u00a0\u00a0\u00a0\u00a0\u00a0\u00a0\u00a0\u00a0\u00a0\u00a0\u00a0\u00a0\u00a0 \u00a0 \u00a0 \u00a0 \u00a0 \u00a0 \u00a0 \u00a0 \u00a0 \u00a0\u00a0\u00a0\u00a0\u00a0\u00a0<strong>50z\u0142<\/strong><\/span><\/td><\/tr><\/tbody><\/table><\/div>\t\t\t\t\t\t\t\t<\/div>\n\t\t\t\t\t<\/div>\n\t\t\t\t<\/div>\n\t\t\t\t<\/div>\n\t\t","protected":false},"excerpt":{"rendered":"<p>Cennik kort\u00f3w tenisowych PLAY LOUD\u00a0 stawka godzinowa Poniedzia\u0142ek \u2013 Pi\u0105tek \u00a0\u00a0\u00a0\u00a0\u00a0\u00a0\u00a0\u00a0\u00a0\u00a0\u00a0\u00a0\u00a0\u00a0\u00a0\u00a0\u00a0\u00a0\u00a0\u00a0\u00a0\u00a0\u00a0\u00a0\u00a0\u00a0\u00a0\u00a0\u00a0\u00a0\u00a0\u00a0\u00a0\u00a0\u00a0\u00a0\u00a0\u00a0\u00a0\u00a0\u00a0\u00a0\u00a0\u00a0 8:00 \u2013 14:00 \u00a0\u00a0\u00a0\u00a0\u00a0\u00a0\u00a0\u00a0\u00a0\u00a0\u00a0\u00a0\u00a0\u00a0\u00a0\u00a0\u00a0\u00a0\u00a0\u00a0\u00a0\u00a0\u00a0\u00a0\u00a0\u00a0\u00a0\u00a0\u00a0\u00a0\u00a0\u00a0\u00a0\u00a0\u00a0\u00a0\u00a0\u00a0\u00a0\u00a0\u00a0\u00a0 14:00 \u2013 22:00 \u00a0 \u00a0 \u00a0 \u00a0 \u00a0 \u00a0 \u00a0 \u00a0 \u00a0 \u00a0 \u00a0 \u00a0 \u00a0 \u00a0 \u00a0 \u00a0 \u00a0 \u00a0 \u00a0 \u00a0 \u00a0 \u00a0 \u00a0 \u00a0 \u00a0 \u00a0 \u00a0 \u00a0 \u00a0 \u00a0 \u00a0 \u00a040z\u0142 \u00a0 \u00a0 \u00a0 \u00a0 \u00a0<span class=\"post-excerpt-end\">&hellip;<\/span><\/p>\n<p class=\"more-link\"><a href=\"https:\/\/host148203.stronawcal.pl\/index.php\/cennik\/\" class=\"themebutton\">Read More<\/a><\/p>\n","protected":false},"author":2,"featured_media":0,"parent":0,"menu_order":0,"comment_status":"closed","ping_status":"closed","template":"","meta":{"footnotes":""},"class_list":["post-63","page","type-page","status-publish","hentry"],"_links":{"self":[{"href":"https:\/\/host148203.stronawcal.pl\/index.php\/wp-json\/wp\/v2\/pages\/63","targetHints":{"allow":["GET"]}}],"collection":[{"href":"https:\/\/host148203.stronawcal.pl\/index.php\/wp-json\/wp\/v2\/pages"}],"about":[{"href":"https:\/\/host148203.stronawcal.pl\/index.php\/wp-json\/wp\/v2\/types\/page"}],"author":[{"embeddable":true,"href":"https:\/\/host148203.stronawcal.pl\/index.php\/wp-json\/wp\/v2\/users\/2"}],"replies":[{"embeddable":true,"href":"https:\/\/host148203.stronawcal.pl\/index.php\/wp-json\/wp\/v2\/comments?post=63"}],"version-history":[{"count":4,"href":"https:\/\/host148203.stronawcal.pl\/index.php\/wp-json\/wp\/v2\/pages\/63\/revisions"}],"predecessor-version":[{"id":193,"href":"https:\/\/host148203.stronawcal.pl\/index.php\/wp-json\/wp\/v2\/pages\/63\/revisions\/193"}],"wp:attachment":[{"href":"https:\/\/host148203.stronawcal.pl\/index.php\/wp-json\/wp\/v2\/media?parent=63"}],"curies":[{"name":"wp","href":"https:\/\/api.w.org\/{rel}","templated":true}]}}