{"id":102,"date":"2026-03-26T12:06:40","date_gmt":"2026-03-26T12:06:40","guid":{"rendered":"https:\/\/host148203.stronawcal.pl\/?page_id=102"},"modified":"2026-03-30T14:08:01","modified_gmt":"2026-03-30T14:08:01","slug":"strona-glowna-2","status":"publish","type":"page","link":"https:\/\/host148203.stronawcal.pl\/","title":{"rendered":"STRONA G\u0141\u00d3WNA"},"content":{"rendered":"\t\t<div data-elementor-type=\"wp-page\" data-elementor-id=\"102\" class=\"elementor elementor-102\">\n\t\t\t\t<div class=\"elementor-element elementor-element-6968420 e-flex e-con-boxed e-con e-parent\" data-id=\"6968420\" data-element_type=\"container\" data-e-type=\"container\">\n\t\t\t\t\t<div class=\"e-con-inner\">\n\t\t<div class=\"elementor-element elementor-element-96121c3 e-con-full e-flex e-con e-child\" data-id=\"96121c3\" data-element_type=\"container\" data-e-type=\"container\">\n\t\t\t\t<div class=\"elementor-element elementor-element-7be0db2 elementor-widget elementor-widget-text-editor\" data-id=\"7be0db2\" data-element_type=\"widget\" data-e-type=\"widget\" data-widget_type=\"text-editor.default\">\n\t\t\t\t\t\t\t\t\t<div class=\"et_pb_text et_pb_module et_pb_bg_layout_light et_pb_text_align_left et_pb_text_1\">\n<div class=\"et_pb_text_inner\">\n<h2><span style=\"color: #000000;\">Nasza szko\u0142a s\u0142u\u017cy Pa\u0144stwu ju\u017c od ponad 20 lat!<\/span><\/h2>\n<\/div>\n<\/div>\n<div class=\"et_pb_text et_pb_module et_pb_bg_layout_light et_pb_text_align_left et_pb_text_2\">\n<div class=\"et_pb_text_inner\">\n<p class=\"Textbody\">Zapraszamy do naszych o\u015brodk\u00f3w szkoleniowych w Rybniku Stodo\u0142ach przy o\u015brodku Stodo\u0142y, Boguszowicach przy ZS nr 6 oraz&nbsp; przy Fundacji Elektrowni Rybnik \u2013 ul. Podmiejska 43.<\/p>\n<p class=\"Textbody\">Zapraszamy wszystkie dzieci w wieku od 4 do 14 lat oraz m\u0142odzie\u017c i doros\u0142ych na zaj\u0119cia indywidualne oraz grupowe. Nasze do\u015bwiadczenie pozwala nam z ca\u0142\u0105 pewno\u015bci\u0105 stwierdzi\u0107, i\u017c tenis jest doskona\u0142ym czynnikiem wychowawczym wp\u0142ywaj\u0105cym na rozw\u00f3j motoryczny, psychiczny i spo\u0142eczny dzieci jak i m\u0142odzie\u017cy.<\/p>\n<p class=\"Textbody\">W 2021 powsta\u0142o r\u00f3wnie\u017c PRZEDSZKOLE TENISOWE przeznaczonym dla dzieci w wieku 4-6 lat!!!&nbsp; (:<\/p>\n<\/div>\n<\/div>\n<div class=\"et_pb_text et_pb_module et_pb_bg_layout_light et_pb_text_align_left et_pb_text_3\">\n<div class=\"et_pb_text_inner\">\n<h3><span style=\"color: #000000;\">Oferujemy Pa\u0144stwu<\/span><\/h3>\n<p class=\"Textbody\">\u2013 3 obiekty tenisowe<br>\u2013 8 kort\u00f3w z plastikowymi liniami<br>\u2013 \u015bciana treningowa dwustronna (o\u015bwietlona) w Rybniku \u2013 Stodo\u0142ach<br>\u2013 siatki wychwytuj\u0105ce mi\u0119dzy kortami<br>\u2013 szko\u0142a tenisowa PLAY LOUD, prowadzona przez do\u015bwiadczonych instruktor\u00f3w&nbsp;<span style=\"font-family: var( --e-global-typography-text-font-family ), Sans-serif; font-size: 1rem; text-align: var(--text-align);\">&nbsp;i trener\u00f3w<\/span><\/p><p class=\"Textbody\">\u2013 serwis sprz\u0119tu tenisowego OFFICIAL STRINGER BABOLAT \u2013 jedyny taki na \u015al\u0105sku !<br>\u2013 sklep tenisowy PLAY LOUD<br>\u2013 mo\u017cliwo\u015b\u0107 gry przy \u015bwietle w godzinach wieczornych \u2013 od sezonu 2018 r\u00f3wnie\u017c Boguszowice !<br>\u2013 dogodne godziny<br>\u2013 atrakcyjne ceny!<br>\u2013 bezp\u0142atny w\u0119ze\u0142 sanitarny<br>\u2013 bezp\u0142atny parking dla klient\u00f3w<br>Nie masz sparingpartnera? Znajdziemy dla Ciebie towarzysza do gry \u2013 zaufaj Nam! (:<\/p>\n<\/div>\n<\/div>\t\t\t\t\t\t\t\t<\/div>\n\t\t\t\t<\/div>\n\t\t<div class=\"elementor-element elementor-element-27d23b4 e-con-full e-flex e-con e-child\" data-id=\"27d23b4\" data-element_type=\"container\" data-e-type=\"container\">\n\t\t\t\t<div class=\"elementor-element elementor-element-be3d64c elementor-widget elementor-widget-image\" data-id=\"be3d64c\" data-element_type=\"widget\" data-e-type=\"widget\" data-widget_type=\"image.default\">\n\t\t\t\t\t\t\t\t\t\t\t\t\t\t\t<img fetchpriority=\"high\" decoding=\"async\" width=\"461\" height=\"947\" src=\"https:\/\/host148203.stronawcal.pl\/wp-content\/uploads\/2026\/03\/Obrazek-17.jpeg\" class=\"attachment-large size-large wp-image-221\" alt=\"aero 2026\" srcset=\"https:\/\/host148203.stronawcal.pl\/wp-content\/uploads\/2026\/03\/Obrazek-17.jpeg 461w, https:\/\/host148203.stronawcal.pl\/wp-content\/uploads\/2026\/03\/Obrazek-17-146x300.jpeg 146w\" sizes=\"(max-width: 461px) 100vw, 461px\" \/>\t\t\t\t\t\t\t\t\t\t\t\t\t\t\t<\/div>\n\t\t\t\t<\/div>\n\t\t\t\t\t<\/div>\n\t\t\t\t<\/div>\n\t\t\t\t<\/div>\n\t\t","protected":false},"excerpt":{"rendered":"<p>Nasza szko\u0142a s\u0142u\u017cy Pa\u0144stwu ju\u017c od ponad 20 lat! Zapraszamy do naszych o\u015brodk\u00f3w szkoleniowych w Rybniku Stodo\u0142ach przy o\u015brodku Stodo\u0142y, Boguszowicach przy ZS nr 6 oraz&nbsp; przy Fundacji Elektrowni Rybnik \u2013 ul. Podmiejska 43. Zapraszamy wszystkie dzieci w wieku od 4 do 14 lat oraz m\u0142odzie\u017c i doros\u0142ych na zaj\u0119cia indywidualne oraz grupowe. Nasze do\u015bwiadczenie<span class=\"post-excerpt-end\">&hellip;<\/span><\/p>\n<p class=\"more-link\"><a href=\"https:\/\/host148203.stronawcal.pl\/\" class=\"themebutton\">Read More<\/a><\/p>\n","protected":false},"author":2,"featured_media":0,"parent":0,"menu_order":0,"comment_status":"closed","ping_status":"closed","template":"","meta":{"footnotes":""},"class_list":["post-102","page","type-page","status-publish","hentry"],"_links":{"self":[{"href":"https:\/\/host148203.stronawcal.pl\/index.php\/wp-json\/wp\/v2\/pages\/102","targetHints":{"allow":["GET"]}}],"collection":[{"href":"https:\/\/host148203.stronawcal.pl\/index.php\/wp-json\/wp\/v2\/pages"}],"about":[{"href":"https:\/\/host148203.stronawcal.pl\/index.php\/wp-json\/wp\/v2\/types\/page"}],"author":[{"embeddable":true,"href":"https:\/\/host148203.stronawcal.pl\/index.php\/wp-json\/wp\/v2\/users\/2"}],"replies":[{"embeddable":true,"href":"https:\/\/host148203.stronawcal.pl\/index.php\/wp-json\/wp\/v2\/comments?post=102"}],"version-history":[{"count":13,"href":"https:\/\/host148203.stronawcal.pl\/index.php\/wp-json\/wp\/v2\/pages\/102\/revisions"}],"predecessor-version":[{"id":230,"href":"https:\/\/host148203.stronawcal.pl\/index.php\/wp-json\/wp\/v2\/pages\/102\/revisions\/230"}],"wp:attachment":[{"href":"https:\/\/host148203.stronawcal.pl\/index.php\/wp-json\/wp\/v2\/media?parent=102"}],"curies":[{"name":"wp","href":"https:\/\/api.w.org\/{rel}","templated":true}]}}